318
Calculate the remainder when 10351862 is divided by 66358.
14
Calculate the remainder when 26786299 is divided by 13393149.
1
What is the remainder when 6389427 is divided by 1099?
940
What is the remainder when 7067518 is divided by 18?
16
Calculate the remainder when 35468 is divided by 35138.
330
Calculate the remainder when 922107 is divided by 54222.
333
What is the remainder when 39679989 is divided by 13226662?
3
What is the remainder when 117163 is divided by 23405?
138
What is the remainder when 41306 is divided by 13456?
938
What is the remainder when 586008 is divided by 556?
540
What is the remainder when 15680 is divided by 7600?
480
Calculate the remainder when 58517 is divided by 10894.
4047
What is the remainder when 195307 is divided by 884?
827
Calculate the remainder when 1841470 is divided by 908.
46
Calculate the remainder when 6038618 is divided by 274482.
14
Calculate the remainder when 71831 is divided by 5124.
95
What is the remainder when 146550 is divided by 72817?
916
Calculate the remainder when 1884515 is divided by 10075.
490
What is the remainder when 11254 is divided by 11106?
148
What is the remainder when 45264 is divided by 278?
228
What is the remainder when 5145 is divided by 462?
63
Calculate the remainder when 3913022 is divided by 36.
2
Calculate the remainder when 41846333 is divided by 4854.
4853
What is the remainder when 472348 is divided by 94452?
88
What is the remainder when 677753 is divided by 13288?
65
Calculate the remainder when 6550352 is divided by 262013.
27
Calculate the remainder when 21725924 is divided by 2172588.
44
Calculate the remainder when 3977107 is divided by 116972.
59
Calculate the remainder when 4585838 is divided by 269755.
3
Calculate the remainder when 39013631 is divided by 504.
503
Calculate the remainder when 1259261 is divided by 39349.
93
Calculate the remainder when 368610 is divided by 760.
10
Calculate the remainder when 11412073 is divided by 655.
8
What is the remainder when 72855 is divided by 190?
85
What is the remainder when 308461 is divided by 2406?
493
Calculate the remainder when 50507864 is divided by 1803852.
8
Calculate the remainder when 16908 is divided by 7551.
1806
What is the remainder when 1171423 is divided by 128?
95
Calculate the remainder when 31136152 is divided by 2030.
12
Calculate the remainder when 861875 is divided by 430634.
607
What is the remainder when 4896606 is divided by 227?
216
What is the remainder when 3636332 is divided by 1891?
1830
What is the remainder when 63673089 is divided by 2122435?
39
What is the remainder when 22111148 is divided by 5831?
5827
What is the remainder when 7029038 is divided by 16?
14
What is the remainder when 901316 is divided by 128540?
1536
Calculate the remainder when 1090226 is divided by 3037.
2980
Calculate the remainder when 5437656 is divided by 1812550.
6
What is the remainder when 86800889 is divided by 39?
32
Calculate the remainder when 58266 is divided by 29012.
242
What is the remainder when 1281100 is divided by 684?
652
Calculate the remainder when 556365439 is divided by 3826.
3823
What is the remainder when 88532 is divided by 1675?
1432
Calculate the remainder when 8703985 is divided by 613.
611
What is the remainder when 3202197 is divided by 445?
422
What is the remainder when 9311495 is divided by 407?
149
What is the remainder when 966377 is divided by 1164?
257
Calculate the remainder when 593293 is divided by 74160.
13
What is the remainder when 1730159 is divided by 190?
19
What is the remainder when 128485 is divided by 722?
691
What is the remainder when 314647 is divided by 104870?
37
Calculate the remainder when 1213076 is divided by 165.
161
What is the remainder when 21803405 is divided by 688?
685
What is the remainder when 1991989 is divided by 132797?
34
What is the remainder when 414837 is divided by 647?
110
What is the remainder when 11508935 is divided by 93?
92
Calculate the remainder when 632702727 is divided by 210900907.
6
Calculate the remainder when 554930 is divided by 79246.
208
Calculate the remainder when 60112473 is divided by 3005623.
13
Calculate the remainder when 41979 is divided by 41436.
543
What is the remainder when 394120889 is divided by 270?
269
Calculate the remainder when 247885713 is divided by 2694.
2691
Calculate the remainder when 59165 is divided by 682.
513
What is the remainder when 1213511 is divided by 2043?
2012
What is the remainder when 60791173 is divided by 1282?
15
Calculate the remainder when 29767 is divided by 4905.
337
What is the remainder when 51780 is divided by 2598?
2418
What is the remainder when 820088 is divided by 820078?
10
What is the remainder when 831346 is divided by 207832?
18
Calculate the remainder when 13278662 is divided by 57.
56
What is the remainder when 821721 is divided by 12084?
9
What is the remainder when 217581 is divided by 891?
177
Calculate the remainder when 10773157 is divided by 70876.
5
Calculate the remainder when 33655 is divided by 307.
192
Calculate the remainder when 3415609 is divided by 243971.
15
What is the remainder when 69333 is divided by 2885?
93
What is the remainder when 21330617 is divided by 3879?
3875
Calculate the remainder when 25283509 is divided by 3668.
3653
Calculate the remainder when 45178 is divided by 9524.
7082
What is the remainder when 66680 is divided by 16545?
500
Calculate the remainder when 16160 is divided by 3295.
2980
What is the remainder when 64947 is divided by 16086?
603
What is the remainder when 27952919 is divided by 53345?
139
Calculate the remainder when 1193891 is divided by 1418.
1353
Calculate the remainder when 4368278 is divided by 56.
54
What is the remainder when 700766 is divided by 7534?
104
Calculate the remainder when 776763 is divided by 5103.
1107
Calculate the remainder when 8048361 is divided by 13.
9
Calculate the remainder when 30044015 is divided by 72.
71
Calculate the remainder when 149955 is divided by 13466.
1829
What is the remainder when 936210 is divided by 210?
30
Calculate the remainder when 7230771 is divided by 223.
219
What is the remainder when 205784676 is divided by 3010?
6
What is the remainder when 189426 is divided by 877?
871
What is the remainder when 589136 is divided by 193138?
9722
What is the remainder when 44466857 is divided by 23?
14
What is the remainder when 131850 is divided by 879?
0
What is the remainder when 424009 is divided by 1208?
1
Calculate the remainder when 407895 is divided by 29134.
19
What is the remainder when 8338090 is divided by 14376?
10
What is the remainder when 8725168 is divided by 1637?
1595
Calculate the remainder when 121812 is divided by 30428.
100
What is the remainder when 34814503 is divided by 4747?
5
Calculate the remainder when 3289 is divided by 1164.
961
What is the remainder when 268078556 is divided by 1031?
1029
Calculate the remainder when 25776217 is divided by 21.
19
Calculate the remainder when 45234 is divided by 6429.
231
Calculate the remainder when 56777966 is divided by 596.
26
What is the remainder when 2313727 is divided by 512?
511
Calculate the remainder when 25075 is divided by 6098.
683
What is the remainder when 4221967 is divided by 3314?
3245
What is the remainder when 876908 is divided by 73075?
8
What is the remainder when 29981 is divided by 22?
17
Calculate the remainder when 52205 is divided by 12217.
3337
What is the remainder when 363297 is divided by 6603?
132
Calculate the remainder when 278047310 is divided by 92682435.
5
What is the remainder when 6871488 is divided by 5023?
24
Calculate the remainder when 16626254 is divided by 2375176.
22
Calculate the remainder when 1774934 is divided by 491.
460
Calculate the remainder when 354584 is divided by 11805.
434
What is the remainder when 557073 is divided by 278536?
1
Calculate the remainder when 5323184 is divided by 39.
35
What is the remainder when 90427873 is divided by 17?
11
What is the remainder when 2211402 is divided by 1325?
1302
Calculate the remainder when 4015311 is divided by 1953.
1896
What is the remainder when 1002613 is divided by 25?
13
What is the remainder when 1206263 is divided by 58?
37
What is the remainder when 21107387 is divided by 523?
1